{"id":1911,"date":"2021-06-01T17:28:58","date_gmt":"2021-06-01T15:28:58","guid":{"rendered":"http:\/\/mygarnett.com\/slo\/?page_id=1911"},"modified":"2021-08-11T19:04:46","modified_gmt":"2021-08-11T17:04:46","slug":"dostava","status":"publish","type":"page","link":"https:\/\/mygarnett.com\/slo\/dostava\/","title":{"rendered":"Dostava"},"content":{"rendered":"<p>[vc_row wrap_container=&#8221;yes&#8221; css=&#8221;.vc_custom_1518508327706{margin-bottom: 30px !important;padding-top: 50px !important;}&#8221;][vc_column width=&#8221;5\/6&#8243; offset=&#8221;vc_col-md-offset-2 vc_col-md-8 vc_col-sm-offset-1&#8243;][vc_empty_space height=&#8221;65px&#8221;][vc_custom_heading text=&#8221;DOSTAVA&#8221; font_container=&#8221;tag:h1|font_size:30px|text_align:left|color:%23000000&#8243; use_theme_fonts=&#8221;yes&#8221;][vc_column_text]Pogodbeni partner za dostavo po\u0161iljk je dostavna slu\u017eba GLS, DPD, Po\u0161ta Slovenije in Gebruder Weiss, vendar si ponudnik pridr\u017euje pravico izbrati drugo dostavno slu\u017ebo, \u010de bo s tem lahko naro\u010dilo izpolnil bolj u\u010dinkovito. Vse po\u0161iljke so med prevozom zavarovane. Ker vam v podjetju Garnett Interock d.o.o. \u017eelimo nuditi hitro in zanesljivo storitev vam predlagamo, da ob prevzemu blaga postopate po na\u0161ih priporo\u010dilih, saj bodo tako morebitne te\u017eave hitreje in enostavneje re\u0161ene.<\/p>\n<p><strong>PREGLED IZDELKA<\/strong><br \/>\nKo vam dostavljavec dostavi paket, ga preglejte v njegovi navzo\u010dnosti in se prepri\u010dajte, da ste prejeli izdelek, ki ste ga naro\u010dili..<\/p>\n<p>Najprej preverite morebitne zunanje po\u0161kodbe embala\u017ee in nanje opozorite dostavljavca. \u010ce ste mnenja, da je vsebina paketa po\u0161kodovana ali razbita, v navzo\u010dnosti dostavljavca embala\u017eo previdno odprite in skupaj preverite vsebino. Po\u0161kodovan paket vam ni potrebno prevzeti in ga lahko zavrnete, nam sporo\u010dite nastalo situacijo preko reklamacijskega zapisnika, da vam bomo lahko uredili novi izdelek ali povrnili kupnino.<\/p>\n<p>\u010ce se slika na embala\u017ei ali \u0161ifra izdelka ne ujema z naro\u010denim artiklom, izdelka oziroma embala\u017ee prosimo ne odpirajte, temve\u010d nas kontaktirajte na info@mygarnett.com, da preverimo ali je bila izdobava na va\u0161 naslov pravilna.<\/p>\n<p>\u010ce ste se prepri\u010dali da ste prejeli naro\u010den izdelek, vas napro\u0161amo da embala\u017eo odprete previdno. Za\u0161\u010ditnih folij, nalepk in za\u0161\u010dit ne po\u0161kodujte ali zavrzite dokler niste popolnoma prepri\u010dani, da boste izdelek obdr\u017eali.<\/p>\n<p>Nekateri izdelki so zapakirani na na\u010din, kjer odpiranje uni\u010di embala\u017eo, ali imajo embala\u017ee prilepljene varnostne pe\u010date. Pri tak\u0161nih izdelkih je pomembno, da pred odpiranjem ugotovite, ali gre za izdelek ki ste ga naro\u010dili, oziroma \u010de ustreza va\u0161im potrebam in namenu uporabe.<\/p>\n<p>V primeru da ste po\u0161iljko prevzeli, kasneje pa ugotovili, da je le ta po\u0161kodovana, je potrebno spro\u017eiti reklamacijski postopek pri dostavni slu\u017ebi, ki vam je dostavila paket, nam pa poslati reklamacijski zapisnik.<\/p>\n<p><strong>\u010cAS DOSTAVE<\/strong><br \/>\nKako hitro bo naro\u010deno blago pri vas, je odvisno od \u0161tevilnih dejavnikov. \u010ce je naro\u010deno blago na zalogi in naro\u010dilo oddate do 11.00 ure, bo blago odpremljeno \u0161e isti dan. \u010ce katerega artikla nimamo na zalogi, pa bo va\u0161a po\u0161iljka odpremljena isti dan, ko prejmemo novo zalogo. Na\u0161i komercialisti vas bodo preko maila ali po telefonu obvestili o stanju zaloge in o predvidenem dobavnem roku ter \u010dasu dostave.<\/p>\n<p>Dostavo opravi dostavna slu\u017eba, po navadi naslednji delovni dan od dneva odpreme na naslov, ki ga vnesete ob oddaji naro\u010dila. \u010ce ste ob nakupu za na\u010din pla\u010dila izbrali gotovinsko pla\u010dilo ob prevzemu, prosimo poskrbite, da bo imel prejemnik po\u0161iljke pri sebi dovolj gotovine za pla\u010dilo odkupnine.<\/p>\n<p>Ekipa Garnett Interock[\/vc_column_text][vc_empty_space height=&#8221;65px&#8221;][\/vc_column][\/vc_row]<\/p>\n","protected":false},"excerpt":{"rendered":"<p>[vc_row wrap_container=&#8221;yes&#8221; css=&#8221;.vc_custom_1518508327706{margin-bottom: 30px !important;padding-top: 50px !important;}&#8221;][vc_column width=&#8221;5\/6&#8243; offset=&#8221;vc_col-md-offset-2 vc_col-md-8 vc_col-sm-offset-1&#8243;][vc_empty_space height=&#8221;65px&#8221;][vc_custom_heading text=&#8221;DOSTAVA&#8221; font_container=&#8221;tag:h1|font_size:30px|text_align:left|color:%23000000&#8243; use_theme_fonts=&#8221;yes&#8221;][vc_column_text]Pogodbeni partner za dostavo po\u0161iljk je dostavna slu\u017eba GLS, DPD, Po\u0161ta Slovenije in Gebruder Weiss, vendar si ponudnik pridr\u017euje pravico izbrati drugo dostavno slu\u017ebo, \u010de bo s tem lahko naro\u010dilo izpolnil bolj u\u010dinkovito. Vse po\u0161iljke so med prevozom zavarovane. Ker vam [&hellip;]<\/p>\n","protected":false},"author":1,"featured_media":0,"parent":0,"menu_order":0,"comment_status":"closed","ping_status":"closed","template":"","meta":[],"_links":{"self":[{"href":"https:\/\/mygarnett.com\/slo\/wp-json\/wp\/v2\/pages\/1911"}],"collection":[{"href":"https:\/\/mygarnett.com\/slo\/wp-json\/wp\/v2\/pages"}],"about":[{"href":"https:\/\/mygarnett.com\/slo\/wp-json\/wp\/v2\/types\/page"}],"author":[{"embeddable":true,"href":"https:\/\/mygarnett.com\/slo\/wp-json\/wp\/v2\/users\/1"}],"replies":[{"embeddable":true,"href":"https:\/\/mygarnett.com\/slo\/wp-json\/wp\/v2\/comments?post=1911"}],"version-history":[{"count":4,"href":"https:\/\/mygarnett.com\/slo\/wp-json\/wp\/v2\/pages\/1911\/revisions"}],"predecessor-version":[{"id":2368,"href":"https:\/\/mygarnett.com\/slo\/wp-json\/wp\/v2\/pages\/1911\/revisions\/2368"}],"wp:attachment":[{"href":"https:\/\/mygarnett.com\/slo\/wp-json\/wp\/v2\/media?parent=1911"}],"curies":[{"name":"wp","href":"https:\/\/api.w.org\/{rel}","templated":true}]}}